
4
Suppose -81*x + 14942 + 22723 = 0. What is the greatest common divisor of x and 279?
93
Let j = 27 - 15. Let h = j + 31. Calculate the highest common factor of 215 and h.
43
Let c(b) = -b**2 + 2*b + 2. Let k be c(2). Let f be (98/8)/((-623)/(-712)). Calculate the highest common divisor of k and f.
2
Suppose -4*s - s + 1008 = i, -3*i = 4*s - 813. Suppose 0 = -204*n + s*n + 81. Calculate the highest common divisor of 27 and n.
27
Let n be 12 - 4 - (-4)/(-2). Suppose -3*g = 0, 224*p - 48 = 223*p + g. Calculate the greatest common factor of n and p.
6
Suppose 465*d + 612 = 474*d. Calculate the highest common factor of d and 2788.
68
Let j be ((-17)/170*-14)/((-1)/(-5)). What is the highest common divisor of 49 and j?
7
Let t = 97 + -85. Let w be 138/9*t/8. What is the highest common factor of 23 and w?
23
Let h = 587 - 574. Calculate the highest common divisor of h and 13.
13
Suppose 2*n + 227 = 2*j + 981, -386 = -n - 2*j. Calculate the highest common divisor of n and 40.
20
Suppose -4*o - 4 = 4*z, 4*o + 3 + 9 = 0. Let i(m) = -m + 38. Let c be i(38). Suppose c = -3*q - z*q + 880. Calculate the highest common divisor of q and 22.
22
Let i(x) = 25*x + 220. Let h be i(-8). Calculate the highest common factor of h and 160.
20
Let l be 144/2*3/(-6)*-2. Suppose -28*h - l = -32*h. Let i be (44/(-6))/((-1)/27). Calculate the greatest common divisor of i and h.
18
Let j = -527 + 595. What is the highest common divisor of j and 34?
34
Let u = -260 + 539. What is the greatest common divisor of u and 155?
31
Suppose 4*g + 4*f = 2036, 2*g - 7*g + 2545 = f. Suppose 511 = 2*u - 2*b - 3*b, 0 = -2*u + 3*b + g. Calculate the greatest common divisor of 23 and u.
23
Let t(d) = -2*d**3 + 2*d**2 - 3*d - 2. Let z be t(3). Let u = -38 - z. Calculate the greatest common divisor of 81 and u.
9
Suppose 0 = -21*q - 5*q + 4004. Calculate the highest common factor of q and 7.
7
Let f = 1258 + -973. Calculate the greatest common factor of 15 and f.
15
Suppose 2*t + 3*c = 7*t - 84, 5*t - 94 = -2*c. Let q(i) = 50*i - 6. Let s be q(3). What is the highest common factor of s and t?
18
Let l = 245 - 83. What is the highest common divisor of 54 and l?
54
Let z(q) = q**2 + 22. Let l be z(0). Suppose -12*m = 163 + 5. Let a = l + m. Calculate the highest common factor of 1 and a.
1
Let b be (-2)/(-10) - 158/(-10). Let y be (292/28 - 9)/((-2)/(-56)). Calculate the greatest common factor of b and y.
8
Let x(k) = 1. Let j(f) = -3*f - 2. Let r(t) = j(t) + 6*x(t). Let m be r(-6). What is the greatest common divisor of 110 and m?
22
Let c(s) = 19*s - s**2 - 14*s - 4 - s**3 + 5*s**2. Let o be c(4). Let g be -2 - (-49 + -1)/1. Calculate the highest common divisor of g and o.
16
Let k = 22 + -18. Let q(a) = k*a**2 - 8*a + 15*a - 1 - 2*a**2. Let i be q(-5). What is the greatest common factor of i and 154?
14
Suppose -134*s = -116*s - 504. Calculate the greatest common factor of s and 14.
14
Let h = 42 - 10. Let r be (2/(-4))/((-6)/(-12)) - -3. Suppose -n + r*n = -5*l + 82, -2*l = -5*n - 22. What is the highest common divisor of h and l?
16
Suppose 5*p - 9*p - 88 = 0. Let s = p - -36. Calculate the highest common divisor of s and 98.
14
Let x be (-7)/((-420)/8) + 2690/75. What is the greatest common factor of 27 and x?
9
Let h = 1 - -5. Suppose 29*m - 25*m - 16 = 0. Calculate the highest common divisor of h and m.
2
Suppose -42 = -4*r - b, -60 = -2*r - 3*r - 5*b. Let k(t) = -t + 10. Let s be k(0). What is the highest common factor of s and r?
10
Suppose 0 = 4*x, -2*m - x + 4 = -4. Suppose 0 = -i - i + m. Let z = 2478 + -2476. Calculate the greatest common factor of z and i.
2
Let w(t) = t + 28. Let g be w(0). Suppose 0 = 59*y - 58*y. Suppose v = 5*d + 4*v - 50, y = -5*d + 5*v + 10. What is the highest common factor of g and d?
7
Let l be 7 + -4 - 2*-58. Suppose -5*x + 2*x + 3*d + 57 = 0, 4*d - 60 = -4*x. Calculate the highest common factor of l and x.
17
Let w(f) = f**2 - 2*f + 3. Let c be w(-4). Let r be 1356/c + (-2)/9. Suppose -97*v + 111*v = 280. Calculate the greatest common divisor of r and v.
10
Suppose -2*h - p = -170, -h + 32*p = 27*p - 74. Calculate the highest common divisor of h and 456.
12
Suppose 10 - 490 = -8*w. Let o = 2 + w. What is the greatest common factor of o and 155?
31
Let d = 57 - 53. Suppose -d*o = -7*o + 72. Calculate the highest common divisor of o and 3.
3
Let x = 26 - 20. Suppose 155 = 5*q - x*k + k, -q - k + 21 = 0. Let y = q - -1. What is the highest common divisor of 3 and y?
3
Let s(m) = m**2 + 13*m + 32. Let y be s(-16). What is the greatest common divisor of 360 and y?
40
Suppose 151 = 4*u + 19. Let c be 14 - (-11)/((-55)/(-40)). What is the greatest common divisor of c and u?
11
Suppose 0 = 6*m + 26*m - 7168. Calculate the greatest common divisor of m and 280.
56
Suppose -4*u = 3*q + 11, -u - 14 = -6*q + 3*q. Suppose 87 = q*k - 135. What is the highest common divisor of 37 and k?
37
Let k(x) = x**2 + x + 1. Let g be k(2). Suppose -g = -2*j + 11. Calculate the highest common factor of 1 and j.
1
Let i = -278 - -421. Calculate the greatest common factor of 55 and i.
11
Let j = -7 + 37. Let y be (532/(-70))/(2/j). Let s = y - -164. Calculate the greatest common divisor of s and 10.
10
Suppose 8 = 4*h, -2 = -10*v + 11*v - 5*h. What is the greatest common divisor of v and 14?
2
Let g be -4 + (10 - (14 - 6) - -1313). Calculate the highest common divisor of 171 and g.
57
Let d = -14 + 18. Suppose d*a = 39 + 17. Calculate the greatest common divisor of a and 2.
2
Let f = -48 - -127. Suppose -5*x = -4*o - 28 + 183, 3*x = 2*o - f. Calculate the greatest common divisor of 35 and o.
35
Let f(g) = -g + 2. Let y be f(2). Suppose -2*w + 4*w - 42 = y. Let l = -10 + w. Calculate the greatest common factor of 66 and l.
11
Suppose 5*p + 1076 = 1271. Calculate the greatest common factor of 234 and p.
39
Suppose 0 = -406*w + 412*w - 408. What is the greatest common factor of 799 and w?
17
Let g(l) = 2*l**3 - 7*l**2 - 4*l + 17. Let c be g(5). Suppose -2*w + 0*w = 4. Let n be 109 + w/(4 - 2). What is the highest common divisor of n and c?
36
Suppose -15389 = -7*g + 2832. Calculate the greatest common divisor of 137 and g.
137
Let b be (-21)/((-150)/20 + 7). Calculate the greatest common divisor of 28 and b.
14
Suppose 5*o = -3*r - 42, 0 = -r + 3*o + 2*o - 14. Let f = 96 - r. Calculate the highest common divisor of f and 44.
22
Let s be (4*-17)/(-1) - 3. Let z = 29 - 68. Let u = 65 + z. What is the greatest common divisor of u and s?
13
Let w = -324 + 464. Calculate the highest common factor of w and 56.
28
Let v be 3 + ((-50)/30 - 14/6). Let x(y) be the second derivative of -4*y**3/3 + y**2/2 - y. Let m be x(v). Calculate the greatest common divisor of m and 72.
9
Let n(h) = 5*h - 53. Let t be n(11). Suppose 5*p + 6*r - 2*r - 320 = 0, -t*p - 3*r + 121 = 0. Calculate the greatest common factor of 34 and p.
34
Let y(m) = m**2 + 5*m - 78. Let c be y(-14). What is the greatest common divisor of 504 and c?
24
Let m = 588 + -580. What is the greatest common divisor of m and 10?
2
Suppose -b + 118 = 4*n, 4*b - 509 = -4*n - 13. What is the greatest common divisor of b and 288?
18
Let v(i) = i**3 + 2*i**2 + 2*i + 4. Let r be v(-3). Let j(o) = -o**2 - 14*o - 5. Let g be j(r). Calculate the highest common divisor of 7 and g.
7
Suppose 5*a - 50 = -4*s + s, -2*a + 38 = 3*s. Suppose 0 = -3*i + i - 3*q + 329, -3*i + 474 = -2*q. What is the greatest common factor of i and s?
10
Let u = -5 + 2. Let f(h) = -55*h - 61*h + 3 + 111*h. Let x be f(u). What is the greatest common factor of x and 9?
9
Let g(f) = 62*f + 118. Let j be g(7). What is the highest common factor of 192 and j?
24
Suppose -11*i = -17*i + 252. Calculate the highest common divisor of i and 28.
14
Let z be -3*(15 + -8)*(2 - 3). Calculate the highest common factor of z and 903.
21
Let t = 575 - 391. Suppose 3*r = f - 23, 5*f + 7*r - 115 = 3*r. Calculate the greatest common factor of f and t.
23
Let b be ((-52)/12)/((-5)/45). Calculate the greatest common factor of 13 and b.
13
Let p(o) = -o**3 + 24*o**2 - 20*o - 55. Let j be p(23). Suppose 3*z + 15 = 0, 2*u - 3*z - 23 = 6. What is the greatest common divisor of j and u?
7
Suppose 54 + 2 = 14*f. What is the greatest common factor of 240 and f?
4
Let x = 94 - 57. Let m be (-4)/(((-